mainder when (-6)/(-9) + (-157)/(-3)*1 is divided by 12?
5
Let c(a) be the first derivative of a**4/2 - 4*a**3/3 - 3*a**2 + 5*a - 4. Let k(t) = 2*t**2 + 5*t. What is the remainder when c(4) is divided by k(-4)?
9
Let j be ((-8)/6)/(10/765). What is the remainder when (j/(-9))/(2/3) is divided by 9?
8
Let y be -22 - (-6 - -2 - -2). What is the remainder when (-9)/(-2 + y/(-12)) is divided by 15?
12
Let c = -22 - -73. Let r(b) = -b**3 - 2*b**2 - 6*b - 14. Calculate the remainder when c is divided by r(-3).
12
Suppose -97 = -o - 14. What is the remainder when o is divided by 28?
27
Let o be (1 + -3)/((-2)/2). Suppose 4*z + 7*w - 33 = o*w, z = -3*w + 17. What is the remainder when 3*(0 - 2/(-3)) is divided by z?
0
Let h be (-2)/(-6) - 186/(-9). Suppose 2*g + h = 53. Calculate the remainder when g is divided by 9.
7
Suppose 5*f = -2*n, n = f - n - 12. Suppose 0 = 5*i + 6 - 1, -2*y + f*i = -18. Calculate the remainder when 22 is divided by y.
6
Let j = -7 - -9. Suppose j*v - 12 = -2*v. What is the remainder when v is divided by 2?
1
Let o = -19 - -11. Let c be (-1)/(-4) - 38/o. Suppose 6 = -l - c*f - 0, -f - 4 = 0. Calculate the remainder when l is divided by 8.
6
Let m = 97 - 27. What is the remainder when m is divided by 18?
16
Calculate the remainder when 3/(-12)*0 + 138 is divided by 10.
8
What is the remainder when -8 + 18 + 3 + 1 is divided by 8?
6
Suppose 4*x + 30 = r, -3*x - 2*x = r - 3. Calculate the remainder when r is divided by 5.
3
Suppose 0 = -n + 4*w + 3 - 19, -w = -4*n + 11. Suppose -x = -n*x + 6. What is the remainder when 3 is divided by x?
1
Let s be (-3)/2 - 13/(-2). Let u = 0 + s. Suppose x = -3*j + 16, 5*j - u*x - 12 = 8. Calculate the remainder when 13 is divided by j.
3
Suppose 4*q = -14 + 70. Calculate the remainder when q is divided by 5.
4
Let y = 10 - 6. Suppose -65 = -y*l + 3*h, -l = -4*l - 3*h + 33. What is the remainder when 53 is divided by l?
11
Let k = 3 + 2. Calculate the remainder when 38 is divided by (-2)/k*(-100)/4.
8
What is the remainder when 96 - 2/(-6)*3 is divided by 25?
22
Let t be 13*-1 + (-10)/5. Let k = t - -1. Calculate the remainder when (-354)/k - (-10)/(-35) is divided by 9.
7
Let u = -13 + 18. Calculate the remainder when 8 is divided by u.
3
Let m = 228 - 129. Calculate the remainder when m is divided by 25.
24
Suppose 13*b - 42 = 6*b. Calculate the remainder when 9 is divided by b.
3
Suppose -y = 2*s - 12, -y - 4*s = -0*s - 22. Calculate the remainder when y is divided by 1.
0
Let y be (-8)/(-10)*30/(-4). Let z = 9 + y. Calculate the remainder when 8 is divided by z.
2
Suppose 2*a - 68 = -4*u, -3*a = -5*a + 4*u + 36. What is the remainder when 103 is divided by a?
25
Let a be (-6)/(-4) + (-1)/(-2). Suppose a*s = 5 + 1. Suppose 0*i - 33 = -s*i. Calculate the remainder when 20 is divided by i.
9
Suppose 0 = b - 4*b + 9. Let a be (2*1)/(3/b). Calculate the remainder when 23 is divided by (-155)/(-20) + a/8.
7
Suppose 5*q = -0*q + 755. Let u = q - 99. What is the remainder when u is divided by 18?
16
Let l = 4 - -1. Let j(d) = -d + 7. Suppose 2*p = 3 - 1. Calculate the remainder when j(l) is divided by p.
0
Let n(v) = -v**2 - 2*v + 14. Suppose -2*u = 3*u - 205. What is the remainder when u is divided by n(0)?
13
Let z(s) = -2*s**3 + s**2 - s. Let c be z(1). Calculate the remainder when 38 is divided by (-1)/((-50)/(-26) + c).
12
Let n be (24/(-9))/(3/(-9)). Let f = 10 - n. Calculate the remainder when f is divided by (-4 + 0)/(-2) - 1.
0
Let i be (-11)/(-3) + 6/(-9). Suppose i = 2*y - 3. Suppose -2*g + 5*b = -30, 4*b = g + y*b - 9. What is the remainder when g is divided by 2?
1
Let z = -12 + 10. Calculate the remainder when z/5 - (-404)/10 is divided by 14.
12
Let w(z) = z + 18. Calculate the remainder when 22 is divided by w(-6).
10
Suppose 4*s = 3*o - 5*o + 16, 0 = -5*s - 4*o + 17. What is the remainder when 18 is divided by s?
3
Suppose 0 = -3*l + 5*k + 74, -62 = -3*l + 3*k - k. Let j = -11 - -64. What is the remainder when j is divided by l?
17
Suppose 8*k - 5*k = 2*z - 85, 5*z = -3*k + 223. Calculate the remainder when z is divided by 15.
14
Suppose 0 = -4*m + 36 + 8. Suppose -118 = 9*y - m*y. Calculate the remainder when y is divided by 16.
11
Calculate the remainder when (52 - -6)*1/2 is divided by (-4 - 0)/(-2) + 13.
14
Let x(j) = j**3 - 15*j**2 + 2*j - 10. What is the remainder when x(16) is divided by 31?
30
Suppose -5 = 2*l - 33. What is the remainder when 25 is divided by l?
11
Suppose -7*x = -2*x - 35. Let l(r) = r**2 - 2*r + 4. Suppose a - 15 = 6*a. Calculate the remainder when l(a) is divided by x.
5
Suppose 3*b + 62 = b. Let d be ((-5)/(-5))/((-2)/112). Let c = b - d. What is the remainder when c is divided by 9?
7
Let q = 4 - 2. Let z(f) = 2*f**2 - 13 + 0*f**2 - f**q - 2*f**2 - 12*f. What is the remainder when z(-9) is divided by 5?
4
Suppose 0 = -5*r + 3*t + 65, t + 3*t = 3*r - 39. Let f = 21 - r. Let o = -4 + 7. Calculate the remainder when f is divided by o.
2
Let f = 0 + 12. Let v be 3/12 + (-3)/f. Suppose 3*k = 2*j - 57, -j + 3*k + 36 = -v*j. What is the remainder when 62 is divided by j?
20
Suppose -l = -0*l - 13. What is the remainder when 37 is divided by l?
11
Let x(b) = 21*b**3 - 14*b**2 + 9*b - 21. Let p(g) = -4*g**3 + 3*g**2 - 2*g + 4. Let u(a) = -11*p(a) - 2*x(a). What is the remainder when 75 is divided by u(3)?
18
What is the remainder when 77 is divided by ((1 + 0)*-1)/((-1)/26)?
25
Let h(i) = i**3 + 5*i**2 - 3*i - 3. Let t be 2 + 0 - (0 - -2). Suppose t = 2*a - 0*a - 26. Calculate the remainder when h(-4) is divided by a.
12
Let n(i) = i**2 - 7*i. Let d be n(7). Suppose -106 = -2*a - d*q + 5*q, 0 = -2*a + q + 106. What is the remainder when a is divided by 18?
17
Suppose 3*r = -4*z + 64, -r + 5*z - 85 = -5*r. Calculate the remainder when 38 is divided by r.
18
Suppose 0 = -8*v + 4*v + 12. What is the remainder when 2 - ((-60)/v + 1) is divided by 11?
10
What is the remainder when 3 is divided by (6/12)/(2/4)?
0
Let r(t) be the second derivative of -t**3/6 + 15*t**2/2 + 2*t. Let q = -10 - -21. What is the remainder when r(q) is divided by 3?
1
What is the remainder when 117 is divided by -17*(0 + -3 - -2)?
15
Suppose -6*u + 95 + 61 = 0. What is the remainder when 49 is divided by u?
23
Suppose 0 + 12 = 3*o - 3*i, 3*o - 12 = -5*i. Suppose b = -3 - 2, -56 = -4*m - o*b. Calculate the remainder when 56 is divided by m.
18
Suppose -32 = 2*y - 182. Calculate the remainder when y is divided by 19.
18
Calculate the remainder when ((-2)/3)/(12/(-36)) is divided by 4 - -9*5/(-15).
0
Let x be -8 - -4 - -9 - 3. Calculate the remainder when 5 is divided by (-3)/(-4 + x + 1).
2
Let j = 101 - 80. Calculate the remainder when j is divided by 11.
10
Let s(l) = -l + 20. What is the remainder when 39 is divided by s(12)?
7
Let y = 77 + 40. Calculate the remainder when y is divided by 59.
58
Suppose -5*l + 3*q + 5 = -5, -3*q = 4*l + 19. Let m = l - -6. Calculate the remainder when 22 is divided by m.
2
Suppose p - 5*r = -2*r, 2*r - 11 = -3*p. Let g = 735 + -702. Calculate the remainder when g is divided by 2/p - 50/(-6).
6
Suppose -5*q - 310 = -5*f, 4*f + 0*q = q + 251. Calculate the remainder when f is divided by 22.
19
Let q be (-13)/(-4) + 3/(-12). Let f be (-3)/(-2)*4/q. Suppose f + 2 = h. What is the remainder when 6 is divided by h?
2
What is the remainder when 15 is divided by 4/(-10) + -4 + 261/15?
2
Let s be 2/8 - 41/4. Let t be -6*(s/3 - -3). Suppose 0 = -2*l - t*h - h + 3, 3*h = 4*l - 51. Calculate the remainder when 16 is divided by l.
7
Suppose -5*s - 10 + 35 = 0. Calculate the remainder when 7 is divided by s.
2
Let u = 29 - 19. Suppose a + 4*n = 3, -5*n + 64 = 5*a - 26. Let g = -5 + a. Calculate the remainder when g is divided by u.
8
Let u be 4/(-2)*(-81)/18. Let k = u + -11. Calculate the remainder when -26*-1*(0 - k) is divided by 18.
16
Let k(q) = -3*q + q**2 - 14*q + 2 + 11*q. Suppose -3*x + 2*x = -17. What is the remainder when x is divided by k(7)?
8
Let p(q) = 11*q + 2. Calculate the remainder when p(4) is divided by 12.
10
Suppose -3*l = t - 36, -l - 4*t + 2 = -10. Let s = -17 - l. Let q = -6 - s. Calculate the remainder when 45 is divided by q.
22
Suppose 0 = r - 7 + 15. What is the remainder when (4/r)/((-3)/150) is divided by 13?
12
Suppose -8 = 2*b - 20